ppose -731 = -s + 3*b, -3*b = -s - 2*s + 2199. Let g = 141 + s. List the prime factors of g.
5, 7
Let k(v) = -9*v + 18. Let b = 193 + -229. List the prime factors of k(b).
2, 3, 19
Suppose -4*n - 5*s - 31 = 0, 8*n - 32 = 12*n + 4*s. List the prime factors of (-14)/63 - 3881/n.
431
Let v(q) = 22*q + 5. Let i(k) = 52*k + 9 + 6 - 8*k - 4. Let r(x) = 3*i(x) - 5*v(x). List the prime factors of r(4).
2, 3
Let y = -87887 - -164558. What are the prime factors of y?
3, 7, 1217
List the prime factors of (12136/(-32))/(3/(-36)).
3, 37, 41
Suppose k - 7775 - 1128 = 0. List the prime factors of k.
29, 307
Let a = -270 + 470. Suppose -6 = 2*x - a. What are the prime factors of -3 - (-5 + 5 - x)?
2, 47
What are the prime factors of 4/50 + 22460175/5625?
3, 11
Let o = -1304 + 6303. What are the prime factors of o?
4999
Suppose 19*p + 108 = 25*p. Suppose -2*i + 60 + p = 0. List the prime factors of i.
3, 13
Let h(x) = x**2 - 33*x + 53. Let z be h(-18). Let m = z - 533. List the prime factors of m.
2, 3, 73
Let x(n) = -n**2 - 26*n - 34. Let f be (-87)/5 - (-90)/(-150). Let u be x(f). Let c = u + -91. What are the prime factors of c?
19
Suppose 3*m + u + 0 = -11, u = -2. Let b(o) = -2*o**3 + o**2 - 2*o + 6. Let f be b(m). Let w = 205 - f. List the prime factors of w.
2, 5, 13
Let x(b) be the third derivative of 3*b**4/2 + b**3 + b**2 + 85. Suppose -3*i + 6*i = -3*c + 12, -3*c = -5*i + 20. List the prime factors of x(i).
2, 3, 5
Let g = -460 - -482. List the prime factors of 32358/g - 6/(-198)*6.
1471
Let r = 160 - -203. Suppose 1319 = 2*b + r. List the prime factors of b.
2, 239
Suppose 11498 = 2*g - 306. Suppose -3*f + g = 10*f. List the prime factors of f.
2, 227
Let s be 9 - (-4)/(1 - 5)*5. Suppose 0*y + 2884 = s*c - y, c - y = 718. What are the prime factors of c?
2, 19
Let a be 2/(((-8)/6)/((-80)/24)). Suppose 4095 = 5*k - 2*s - 2*s, a*k = 3*s + 4095. Suppose 6*p + k = 19*p. List the prime factors of p.
3, 7
Suppose 2*i - 4628 = 2*o, 31*i + 2*o + 9254 = 35*i. Suppose 2312 = 2*q + q + 4*j, 3*q = -3*j + i. What are the prime factors of q?
2, 193
Let x(d) = -38*d**3 + 3*d**2 + 8*d + 27. Suppose 25*w - 42 = 39*w. List the prime factors of x(w).
2, 3, 11
Suppose 0 = -5*s + r + 2 + 28, s = 4*r + 25. Suppose 3*j = -4*h + 318, 2*h - s*j - 150 = -2*j. List the prime factors of h.
2, 3, 13
Suppose -5*d + 18*d = 39. Suppose 28 = d*h + h - 4*m, -2*m - 29 = -5*h. Suppose 3*c - 4*o = -8*o + 431, h*c = 4*o + 697. List the prime factors of c.
3, 47
Let m be 48867/221 + 4/(-34). Let c = 259 - m. What are the prime factors of c?
2, 19
Let b be -15 + -2 - (3 - (1 + 5)). What are the prime factors of (138/21)/(0 - 4/b)?
23
What are the prime factors of 3 + (110/(-25) - -4 - (-230256)/65)?
5, 709
Let f = 865 - -125. Suppose -2*c + f = 4*s, -3*c + 5*s + 236 + 1282 = 0. What are the prime factors of c?
3, 167
Let s(f) = f**3 + 7*f**2 + 24*f - 6. Let w be s(-6). Let h be 47/2 + 2/4. Let q = h - w. List the prime factors of q.
2, 3, 23
Let u(f) = -111*f + 36. Suppose -3*m = v + 3, -10*v + 9*v - 3 = 2*m. What are the prime factors of u(v)?
3, 41
Let o = -1 - -26. Let w be -1 + 77 - (-11 - -14) - 1. Suppose -4*x + 3*b = -81 - w, -o = -5*b. List the prime factors of x.
2, 3, 7
Let g(j) = -25*j**2 + j - 21. Let n(a) = 25*a**2 - 4*a + 21. Let r(w) = -6*g(w) - 5*n(w). List the prime factors of r(-5).
2, 3
Suppose 0 = 5*v - 4 + 29, 30 = -x - 2*v. Let m be (((-448)/10)/(-2))/(x/(-100)). Let c = -3 + m. List the prime factors of c.
109
List the prime factors of (74/(-14) + 5)*-93723.
2, 3, 4463
Let i(u) = 1391*u + 11. List the prime factors of i(6).
61, 137
What are the prime factors of 5/(-170)*4 + 922701/221?
5, 167
Suppose 3*w - 9671 = -w - p, -5*w - p = -12090. Suppose 5*r + 899 = 4759. Suppose -9*z - r + w = 0. What are the prime factors of z?
3, 61
Suppose 5*n = 2*p - 1111, -5 = 13*n - 14*n. Let v = 793 - p. List the prime factors of v.
3, 5
Let y(r) = 7*r**3 - 61*r + 24. List the prime factors of y(12).
2, 3, 13, 73
Let u(o) = 188*o + 125. List the prime factors of u(8).
3, 181
Let t be (2 + -1 - 0)*2. Suppose 0 = t*f - f - 30. Suppose 0*j - 2*j + f = 0. List the prime factors of j.
3, 5
Suppose -5*s - 6 = g - 33, -15 = -s - 5*g. Suppose 0 = s*z - 4*m - 2636, -1156 = -3*z + 2*m + 424. List the prime factors of z.
2, 131
Let f be 50/20 + (-2)/(-4). Let t be 4*(-2)/((-8)/f). Suppose -48 = -t*i + 66. What are the prime factors of i?
2, 19
List the prime factors of 337552/17 - (-6)/(-2).
19853
Let m = -25271 + 36630. What are the prime factors of m?
37, 307
Suppose -146*p + 150*p = 5132. Suppose p = 13*a - 2396. What are the prime factors of a?
283
Suppose 8335*p - 110136 = 8322*p. What are the prime factors of p?
2, 3, 353
Suppose 4*u + 22 = p - 2, 5*p + 2*u - 32 = 0. Suppose -p*z + z = -14. Suppose 36 = z*r - 72. List the prime factors of r.
2, 3
Suppose -44067*v + 44077*v = 106100. What are the prime factors of v?
2, 5, 1061
Let h(d) = 48*d**3 + 489*d**2 + 17*d - 15. What are the prime factors of h(-10)?
5, 11, 13
Let l(q) be the first derivative of -2*q**2 - 4*q + 2. Let h be l(-7). Let r = 26 - h. What are the prime factors of r?
2
Let k be (0*(-1)/(-2))/1. Suppose 4*o = -k*o + 16. Let l = o - -10. List the prime factors of l.
2, 7
List the prime factors of (-55)/(-2)*5868*21/126.
3, 5, 11, 163
Suppose -28*f + 0*f - 2*f = -410310. What are the prime factors of f?
3, 47, 97
Suppose -f + 5*s - 8 = 0, 5*f - 4*s - 22 = 22. Let w be (-3)/f + (-2)/(-8). Suppose -b + 2*v + 225 = w, -3*b = -4*v - 477 - 192. List the prime factors of b.
3, 73
Suppose -7*w + a = -3*w - 11028, 0 = -w - 5*a + 2778. List the prime factors of w.
2, 7, 197
Let a = -1328 - -939. What are the prime factors of 4/1 + -5 - a?
2, 97
Let q = -25155 + 37124. What are the prime factors of q?
11969
Let c(q) = 4*q**3 - 6*q**2 - 2. Let u be c(2). Suppose f = -3, -3*g - u*f + 645 = -f. What are the prime factors of g?
2, 5, 11
Let k(t) = 2*t**3 - 44*t**2 + 64*t - 65. What are the prime factors of k(28)?
5, 17, 131
Let r(b) = -33*b - 468. List the prime factors of r(-38).
2, 3, 131
Let j be -1 - -3 - 0/8. Suppose -41 = -j*c + 61. Suppose -3*p = -c - 30. What are the prime factors of p?
3
Suppose 5*m - 2*v = 155, -5*v - 164 + 52 = -3*m. Let c be (-33)/39 + 1 - 7460/(-13). Suppose -27*s - c = -m*s. What are the prime factors of s?
7, 41
Let v be 4*27 - (-2 - -3). Let q = -101 + v. What are the prime factors of 40/(-14)*(-105)/q?
2, 5
Let g be ((-82)/(-123))/(2/342). Suppose -2*f = g - 936. What are the prime factors of f?
3, 137
What are the prime factors of 10/(-272)*-254344 + (18/(-51))/(-3)?
3, 1039
Suppose -2*f = -h + 3830, 5*f + 0*f = h - 3818. What are the prime factors of h?
2, 19, 101
Suppose 2*s = 5*s - 3. Let j be 132 + -3 - s/(-1 + 0). Suppose j = 2*r - 36. What are the prime factors of r?
83
Suppose -12171 = -2*k + 4*z + 7283, 3*z - 9732 = -k. List the prime factors of k.
3, 23, 47
Let c = -43 - -43. Suppose 20*d - 9*d - 1441 = c. List the prime factors of d.
131
Let s be 2736/44 - (175/55 + -3). Let j = -57 + s. Suppose 228 = j*m + 3. What are the prime factors of m?
3, 5
Suppose 4*o - 147 = 5*x + 169, 4*o + x - 340 = 0. Let c = o - 93. What are the prime factors of ((-2788)/123)/(-2*(-1)/c)?
2, 3, 17
Let z be 392/(-10) + 1*8/(-10). Let r = z - -42. What are the prime factors of 529/r - (-7)/(-14)?
2, 3, 11
Suppose 8 = 4*x - 0. Suppose 0 = x*t - 5*t + 411. List the prime factors of t.
137
Let g = -199 - -13362. What are the prime factors of g?
13163
Let l(n) = n**3 - 5*n**2 - 4*n + 3. Let o be l(6). Suppose -o = f + 98. Let r = -40 - f. What are the prime factors of r?
73
Suppose 2*j + 4*j = 20483 + 11335. List the prime factors of j.
5303
List the prime factors of (-606)/(-12)*-6*(-10 - 140/(-21)).
2, 5, 101
Suppose 12*s = -4*s + 208. Let f(d) = -d**2. Let w(t) = -4*t**2 + 26*t - 6. Let q(n) = 2*f(n) - w(n). List the prime factors of q(s).
2, 3
Let y be 47/2 + (-3)/(-6). Suppose y*n - 14280 = 10*n. List the prime factors of n.
2, 3, 5, 17
Let b = 1940 - -7. List the prime factors of b.
3, 11, 59
Let f(i) = 16012*i**2 - 41*i + 46. What are the prime factors of f(1)?
3, 19, 281
Let o = -1039 - -4212. What are the prime factors of o?
19, 167
Let b be ((-612)/(-54))/(2 + (-142)/72). Let y = -262 + b. What are the p